e 0 = 3*d + 4*r - 7217, -8*d + 6*d = 4*r - 4806. Is d composite?
False
Let y = 72 + -23. Suppose -y = -3*c - 16. Is c a composite number?
False
Suppose 16 + 2 = j. Let n(a) = 20*a**2 + a - 2. Let b be n(-2). Let y = b - j. Is y prime?
False
Let a be 4/16 - (-7)/4. Suppose -a*l + 2 = -8, -3*l + 11 = 2*o. Is o*2/4*-127 a composite number?
False
Let j(d) = -2*d - 5. Let r be j(-5). Suppose -18 = 3*l - x + 4*x, -2*x = -r*l - 44. Let s(q) = q**3 + 10*q**2 + 13*q + 9. Is s(l) prime?
False
Let h(r) = 5*r**2 + 5*r + 5. Let f be h(-6). Let y = f + -20. Suppose 4*p - i = 2*p + y, -p + 63 = -2*i. Is p composite?
True
Let l be ((-3)/9)/((-1)/9). Suppose 5*f = -3*d + 3*f + 20, l*f = 3. Suppose -4*q - 1 - d = -a, q - 79 = -4*a. Is a composite?
False
Let q = -13 - -24. Is q prime?
True
Suppose -4*f + 5*y + 7 = 0, 2*y = -2*f - f - 12. Is 1082/4 - f/4 a composite number?
False
Let b = -356 - -715. Is b a composite number?
False
Is (-6)/2 + (-2 - -228) composite?
False
Suppose 2*v = -4*v + 1218. Is v prime?
False
Let k be 3 - (-6)/(-3) - -264. Let b = k - 116. Is b prime?
True
Let c be (-112)/5*(-26 - 4). Suppose -c - 3220 = -4*a. Is a composite?
True
Let u(h) = -28*h - 13. Is u(-5) a prime number?
True
Let s(t) = -t - 7. Let w be s(-11). Suppose -415 = -w*j - j. Is j a prime number?
True
Let k(z) = -333*z + 24. Let l be k(10). Let h = l + 4861. Is h a prime number?
False
Let f be 3/(-15) - 42/(-10). Suppose 0*y = -y - f. Let a(z) = 5*z**2 - 3. Is a(y) a prime number?
False
Let y(n) = -n**3 + 4*n**2 + 5*n + 4. Let x be y(5). Let i be -2 + -1 + x + -1. Suppose -2*l + 2*a + 194 = i, 131 + 160 = 3*l + 2*a. Is l a prime number?
True
Is ((-2)/(-4))/((-4)/(-2024)) a prime number?
False
Let i(m) = 8*m**2 - 3*m + 1. Let w(t) = -t**2 - 1. Let f(b) = i(b) + 3*w(b). Is f(-1) composite?
True
Suppose 0*p + 3945 = 5*h - 5*p, -813 = -h - 5*p. Is h a composite number?
True
Let v be (-8)/(-12) + 7/3. Suppose -p = v*h - 176, 2*p + 0*h - 322 = 4*h. Suppose 5*t - 178 = p. Is t a composite number?
True
Let q(z) be the third derivative of -1849*z**6/120 - z**4/24 + 3*z**2. Let p be q(-1). Suppose 3*s + g - 1114 = 0, 9*g - 4*g + p = 5*s. Is s a composite number?
True
Let v be (12/10)/(-3)*-5. Suppose -5*l = 5*h - 55, 5*l + 0*l = v*h - 15. Is h a prime number?
False
Let p = 8 + -3. Let s(j) = 2*j - 8. Let h be s(6). Suppose -p*t + 13 = -h*t. Is t composite?
False
Suppose 3*n = 5*f - 4*f + 92, 0 = -2*n + 3*f + 52. Suppose 71 = 2*d - 5*w, 0*d + w - n = -d. Is d a composite number?
True
Let o(k) = 234*k**2 - 4*k + 3. Let j be o(2). Suppose a = 2*i + 235, 2*a - i = 6*a - j. Is a a composite number?
False
Let d = 9 + -7. Suppose d*p - 72 = 206. Is p composite?
False
Let y(w) = 20*w**2 + 15*w - 21. Is y(10) a prime number?
True
Let r be 3/(-15) + 21/5. Let b = -5 + r. Is 1 + (46 - b) + -1 prime?
True
Let a(w) = -w**3 - 2*w**2 + w + 83. Is a(0) a composite number?
False
Is (-2)/(-4) + (-2628)/(-8) composite?
True
Suppose -2*k = -5*k + 15. Suppose -2*z = 4*g - 46, 147 = k*z + g + g. Is z prime?
True
Is ((-165)/9)/((-5)/15) composite?
True
Suppose -c = 70 - 339. Is c composite?
False
Let k(a) = 17*a**2 - 3*a - 3. Is k(-2) a composite number?
False
Let k be (90/25)/((-2)/(-5)). Let t(n) = 0*n**3 - 6*n**2 - 2*n + 0*n - n**3 - k. Is t(-6) prime?
True
Suppose -4*c + 82 = -2*s, c - s = -2*s + 13. Is 6/(-27) - (-418)/c a composite number?
False
Let t(o) = -o**3 - 7*o**2. Suppose -4*i + 3 = 31. Let j be t(i). Suppose -k + 58 = -s, j = -2*k - 0*s + 5*s + 131. Is k a prime number?
True
Suppose 2*q - 3*q - 3 = 0. Let n(b) = b**3 + 3*b**2 + 3. Let p be n(q). Suppose p*s + 79 = 4*s. Is s a prime number?
True
Let l(h) be the second derivative of h**7/2520 + h**6/720 - h**5/24 + h**4/6 + h. Let k(m) be the third derivative of l(m). Is k(6) a composite number?
False
Let g(f) = -16*f**3 - 5*f**2 - f + 7. Is g(-3) a composite number?
False
Suppose 2*f + 3*f = 280. Is 12/(-4) - (0 - f) prime?
True
Suppose 3*i - 7*i - 5*c = -16369, -4*i - 3*c + 16367 = 0. Is i prime?
True
Let c(m) = 2*m**2 + 10*m + 65. Is c(12) a prime number?
False
Let k(p) = -2*p**3 - 4*p**2 - 6*p - 7. Let b be k(-3). Suppose -2*u = u + 54. Let q = u + b. Is q a prime number?
True
Let p be 3/(-1) + 7 - -2. Let c be (-4)/(p/3) - -2. Suppose c = -2*z - 3*z + 155. Is z a composite number?
False
Suppose 4*q + 4*a = 24, 5*a - 24 = -5*q + 2*a. Suppose 4*s - 2*x - 140 = -0*x, q*x = 3*s - 111. Is s a prime number?
False
Suppose -4*b = -5*z - 0*z - 634, 157 = b - 2*z. Is b composite?
True
Let q = -667 - -956. Is q a composite number?
True
Let m be 1 + (73 - (3 + -3)). Is 2 - (m*-1 - 1) prime?
False
Is 1773/45 + (-4)/10 prime?
False
Let t(u) = 2*u**2 + 3*u + 6. Let b be t(-8). Suppose 6*l - l - b = 0. Is l prime?
False
Suppose 7*r = 4*r + 6. Suppose -r*k + 385 = 3*k. Is k composite?
True
Suppose 0 = -z - 0*z - 1026. Let m = z - -1551. Is m/7 - (-2)/1 a prime number?
False
Suppose -4*p - 4 = -0*p + 2*a, 4*a = 8. Is 26*p/4*-1 a prime number?
True
Let v(u) = -u**3 + 7*u**2 + 8*u. Let a be v(8). Let x(k) = -3*k**2 + a*k + 4*k**2 - k + 161. Is x(0) prime?
False
Is (153 - 8)/((-1)/(-1)) composite?
True
Let r = -7 - -3. Let l be r/18 - 61/9. Let v = l - -10. Is v prime?
True
Let x = -182 + 348. Let m = -51 + 90. Let t = x - m. Is t composite?
False
Suppose 5*j - 2*j = 0, -h - 3*j + 1 = 0. Let d = 5 - h. Suppose -l + 15 = l - 5*r, 0 = -2*l + d*r + 16. Is l a prime number?
False
Suppose p - 1699 = 5*u, -2*p + 3428 = -0*p + 5*u. Is p a prime number?
True
Is (84/49)/6 - (-4742)/14 prime?
False
Let q(l) = l**2 + 5 - l + 0*l - 5*l - 3*l. Is q(10) composite?
True
Let v(m) = m**3 - m**2 + 5*m - 1. Let r(j) = -j**2 + 7*j + 2. Let p be r(6). Let f = -4 + p. Is v(f) a prime number?
True
Suppose -6 + 0 = -3*b. Is b composite?
False
Let h(z) = -z**2 + 53. Is h(0) a composite number?
False
Let x(g) = -152*g**2 - g + 1. Let b be x(1). Let r = b - -415. Is r composite?
False
Suppose -5*f + 3*k = -11953, -2*f + 4*k = 3*f - 11949. Is f a composite number?
False
Suppose 0*v + 2*v = 6. Suppose v*b = 2*p - 493, -p + 5*b = -0*b - 236. Is p a prime number?
True
Let f = -1803 - 144. Let r = 3124 + f. Suppose 3*b - i = 3*i + 875, -4*b - 5*i = -r. Is b prime?
True
Suppose 0 = -4*u + 8*u + 32. Is (-75)/(-7) - u/28 prime?
True
Let z be (198/(0 + 3))/1. Let f = -29 + z. Is f a composite number?
False
Let d be -2*(10/4 - 3). Let k = 3 - d. Is k prime?
True
Is (4548/8 - -1)/((-3)/(-6)) a prime number?
False
Let q(z) = 1. Let h(y) = 4*y + y - y**2 - 5 - 4*y. Let c(u) = -h(u) - 3*q(u). Is c(5) prime?
False
Let w(g) = -16*g. Let m(z) = 15*z - 1. Let q(x) = -3*m(x) - 2*w(x). Let j be q(-6). Let y = j + -58. Is y a prime number?
True
Let b(l) = 2*l + 14. Is b(4) a composite number?
True
Suppose b = 2 - 12. Let u(p) = 2*p**2 - 9*p - 3. Is u(b) a composite number?
True
Let c be -1*(-39)/3*-8. Let a = 193 + c. Is a a composite number?
False
Let p = 13 + -10. Suppose -l + 6 = -p*l. Is (1/(-3))/(l/63) composite?
False
Suppose 6*p = p - 4*w + 331, 0 = 3*w + 3. Is p a composite number?
False
Suppose -2*p + 2371 = 5*f, -f + p + 318 + 152 = 0. Suppose -2*c = g - f, -2*g = 2*c - 758 - 184. Is g a composite number?
True
Is 499 - 1 - -2 - 1 a composite number?
False
Let y = 3 + 0. Suppose -y*o + 2129 - 59 = 3*t, 2*t = 4*o - 2730. Suppose 0 = 4*x - 8, -4*c + o = 5*x - 169. Is c a prime number?
True
Suppose 63 = -5*p + 453. Let i = -44 + p. Is i a composite number?
True
Suppose -5107 - 4537 = -4*j. Is j prime?
True
Let d(o) = o**3 - 6*o**2 - 4*o - 2. Is d(17) composite?
False
Let y(a) = -6*a**2 + 2*a - 1. Let l be y(1). Let m(o) = -15*o - 6. Is m(l) a composite number?
True
Let v be 6/3 + -1 + 7. Let s = -4 - -19. Let o = s - v. Is o a composite number?
False
Let y be (3 - (-2 - -8))*-1. Is (y/(-3))/((-3)/447) a prime number?
True
Let t(m) = 7*m**2 - 17*m - 1. Is t(7) a prime number?
True
Let w(u) = 3*u**3 - 7*u**2 + 2*u - 7. Let v be w(6). Let d = -282 + v. Is d a prime number?
False
Let m be (6/4)/((-6)/12). Let g be (-10)/m - 2/6. Suppose -4*v = -3*q + 26, -g*v + 8*v + 10 = 0. Is q a prime number?
False
Let g(s) = s**2 + s - 4. Let y be g(4). Let u = y + 17. Is u prime?
False
Let c be (1 - -1) + -10 - 0. Let g(z) = -9*z - 3. Let x be g(c). Suppose 0 = 5*o - x - 26. Is o prime?
True
Suppose 2*y + 34 = 